 base 2
-1000110111101011
100101001010100101 (base 2) to base 5
14332404
What is -23a083 (base 11) in base 10?
-379426
What is -302332030 (base 4) in base 3?
-101121101121
What is -15475541 (base 8) in base 5?
-1403224104
-10211012001221 (base 3) to base 7
-23156263
30230244 (base 6) to base 2
11010001110011010100
What is 241742 (base 9) in base 13?
513cb
What is 84012 (base 11) in base 13?
43985
What is 10320022013 (base 4) in base 15?
1a3c9e
52356 (base 8) to base 16
54ee
Convert 279014 (base 10) to base 14.
73978
Convert -685926 (base 11) to base 10.
-1091206
What is -186435 (base 12) in base 4?
-1213323221
-50125 (base 9) to base 12
-17065
Convert -3013312111 (base 4) to base 10.
-818581
-43c68 (base 14) to base 15
-33a60
What is 24512122 (base 6) in base 5?
200142104
-8574 (base 13) to base 14
-6a68
-10110010110010001010010 (base 2) to base 5
-2444432021
Convert 19a3a8 (base 12) to base 16.
6eab0
Convert -25671 (base 14) to base 10.
-91827
-132352 (base 10) to base 5
-13213402
Convert -1933221 (base 10) to base 6.
-105234033
-1000000100000111110100 (base 2) to base 11
-1214341
Convert -3131324 (base 5) to base 4.
-30231321
What is -468ea3 (base 16) in base 10?
-4624035
Convert 807eb (base 15) to base 10.
406796
-575136 (base 14) to base 11
-174a9a5
What is 4374575 (base 8) in base 15?
184071
What is 145211 (base 7) in base 5?
1400412
What is 66269 (base 15) in base 11?
201925
Convert -dc7bc (base 14) to base 6.
-15235350
What is 152411013 (base 6) in base 14?
5d6133
What is -13995 (base 16) in base 13?
-2a702
Convert 3aeabb (base 16) to base 6.
214431455
What is -2441604 (base 9) in base 11?
-826717
Convert 24002500 (base 7) to base 2.
1000000101001111010101
Convert -34131133 (base 5) to base 3.
-120100022210
-6c505 (base 13) to base 3
-101002101211
2561871 (base 9) to base 8
5254226
Convert 25533083 (base 9) to base 10.
12540333
What is 4b89a34 (base 12) in base 10?
14864008
What is -101133453 (base 6) in base 5?
-421120021
111001011011010111000001 (base 2) to base 12
505bb69
42220212 (base 5) to base 6
11310231
Convert 241611 (base 7) to base 14.
11db1
2586b2 (base 12) to base 16
966e6
What is 2b32484 (base 12) in base 2?
100001011110011100100100
What is -e9f6 (base 16) in base 2?
-1110100111110110
What is -62a04c (base 13) in base 4?
-20303031202
What is 11101001100 (base 3) in base 8?
250052
1d294 (base 16) to base 4
131022110
Convert 2131313 (base 4) to base 14.
3979
Convert -286eb (base 16) to base 13.
-5a4c4
What is -20110102021 (base 3) in base 4?
-133002232
What is 141d7a (base 15) in base 14?
1b2c38
What is -1010001101001001 (base 2) in base 6?
-521305
-145364101 (base 7) to base 5
-4441312332
What is 2043323 (base 6) in base 7?
562260
What is -111010100110011100 (base 2) in base 12?
-b6aa4
Convert 240224 (base 5) to base 9.
13073
What is -5e8aa9 (base 15) in base 2?
-10001010011001011111010
Convert -314317 (base 13) to base 12.
-476637
5c014 (base 13) to base 11
106126
4a9537 (base 15) to base 16
368e06
Convert 61a54 (base 14) to base 7.
1666634
Convert -3fbd (base 16) to base 10.
-16317
-3732 (base 13) to base 8
-17207
Convert 12100220 (base 4) to base 5.
1310030
c52ac5 (base 15) to base 6
532533522
What is 3132321 (base 6) in base 16?
25279
What is -4aacf (base 16) in base 13?
-a92b7
Convert 222221021222 (base 3) to base 4.
2001130112
Convert 13505402 (base 6) to base 8.
1602352
-26933 (base 11) to base 4
-21113321
What is 30362025 (base 8) in base 5?
3120243011
What is -16355022 (base 8) in base 2?
-1110011101101000010010
1431214012 (base 5) to base 11
2147797
What is 5e971 (base 15) in base 5?
34140011
Convert -59379 (base 13) to base 3.
-22021211220
Convert 34077 (base 9) to base 15.
6ab4
21c8f (base 16) to base 3
21000211022
Convert 1198155 (base 11) to base 13.
578747
Convert -2220100111020 (base 3) to base 8.
-5704060
Convert 30231340 (base 6) to base 7.
10210053
What is b64ba5 (base 12) in base 5?
1213321224
Convert -27a09b (base 14) to base 11.
-8579a8
-210442440 (base 5) to base 10
-874745
Convert -10000111100001001001 (base 2) to base 14.
-106409
-1b89d91 (base 14) to base 13
-2b16430
What is 163727 (base 8) in base 9?
100365
-10001031 (base 6) to base 7
-2244553
Convert 25275 (base 8) to base 10.
10941
Convert 278540 (base 13) to base 9.
1724202
Convert -220011110 (base 3) to base 12.
-a240
What is c04736 (base 15) in base 9?
18151666
What is 202123210 (base 4) in base 5?
14003103
What is -114889 (base 10) in base 15?
-24094
233213041 (base 5) to base 6
34532351
What is 11668219 (base 10) in base 2?
101100100000101011111011
-383444 (base 9) to base 2
-111000101011111010
What is 31515 (base 15) in base 11?
a7558
Convert 2333422 (base 5) to base 9.
64863
-45503231 (base 6) to base 10
-1392643
What is -3001420 (base 5) in base 8?
-134006
-10001001010010010111010 (base 2) to base 8
-21122272
313512 (base 9) to base 8
553707
-50433535 (base 6) to base 13
-3b352b
What is 10212221200210 (base 3) in base 16?
1f8564
What is -1a1fd5 (base 16) in base 4?
-12201333111
32353361 (base 7) to base 3
12012201010202
What is -56916 (base 13) in base 7?
-1224156
Convert -1912b54 (base 12) to base 14.
-9a9a5a
Convert 700510 (base 8) to base 6.
4531240
Convert 1045550325 (base 6) to base 9.
23531348
What is -13c924 (base 14) in base 13?
-1b10a5
10001022102202 (base 3) to base 10
1620155
8ac663 (base 16) to base 3
122010001122210
-37397 (base 16) to base 6
-4503115
What is 21030203 (base 4) in base 6?
450215
Convert -762425 (base 8) to base 4.
-332110111
-641a9 (base 16) to base 12
-179349
-2060327 (base 11) to base 2
-1101110110100100000000
-10100111011001000 (base 2) to base 15
-1a5d9
-112002000202 (base 3) to base 8
-1035060
Convert 101202102001 (base 3) to base 13.
75493
-101111100001001101010 (base 2) to base 10
-1557098
What is -9082a (base 14) in base 2?
-1010100110011010110
What is 10210011012 (base 3) in base 8?
221347
-108188 (base 9) to base 14
-199bc
What is -a6c408 (base 14) in base 7?
-65650211
What is -1005015 (base 6) in base 7?
-256130
What is -28924 (base 12) in base 9?
-85601
102102000220021 (base 3) to base 7
102351304
Convert -32143413 (base 5) to base 16.
-42575
20aa7b (base 16) to base 11
1232458
What is -12384 (base 13) in base 6?
-415230
-204200433 (base 5) to base 16
-cf8c6
What is -3322323 (base 6) in base 9?
-273276
Convert 101303213 (base 4) to base 7.
422432
101101221110 (base 3) to base 15
40a3c
Convert 6e49a (base 16) to base 14.
ba8b0
What is 690dfb (base 16) in base 13?
15709a7
What is 17b8687 (base 12) in base 10?
4970695
What is 119dcdc (base 14) in base 12?
29b698a
Convert -13631222 (base 7) to base 3.
-2102021200022
Convert 10302040210 (base 5) to base 2.
101001110110100010101001
What is 2543442 (base 7) in base 11?
206095
179470 (base 11) to base 8
1033156
Convert -5010c (base 13) to base 2.
-100010111010001010
-a21637 (base 12) to base 13
-6a88a1
What is 18404 (base 15) in base 10?
78529
-16025 (base 12) to base 14
-b4bb
What is -53242450 (base 6) in base 14?
-2c8c34
Convert -4040104 (base 5) to base 9.
-108174
Convert -122120022021 (base 3) to base 11.
-216866
41002202 (base 5) to base 12
13a08b
What is 24c6b85 (base 13) in base 3?
210122002110200
What is 13343062 (base 7) in base 3?
2022212122121
Convert 2101002210020 (base 3) to base 13.
3523c2
201079 (base 13) to base 9
1354707
1231233131 (base 4) to base 16
6dbdd
What is -9555959 (base 10) in base 13?
-1c9771a
Convert 29825 (base 10) to base 6.
350025
13332301 (base 7) to base 10
1234948
-727261 (base 8) to base 7
-2023404
3777775 (base 8) to base 13
2a9376
What is -121220131 (base 4) in base 14?
-2a393
What is 102111121200221 (base 3) in base 6?
335013041
What is -506024 (base 7) in base 3?
-11101010022
-314044 (base 5) to base 12
-6110
Convert 40251241 (base 6) to base 2.
100010110110101001001
-862a4 (base 14) to base 10
-324328
Convert -38c29 (base 14) to base 7.
-1120652
What is 110001011110110 (base 2) in base 11?
18041
What is -70410 (base 11) in base 8?
-311106
Convert -a9688 (base 12) to base 6.
-4444252
9522513 (base 10) to base 7
143640300
Convert 331250520 (base 6) to base 5.
3010310121
3232024 (base 9) to base 5
420433314
Convert -2567e (base 15) to base 8.
-351452
305340 (base 9) to base 2
101100001101001111
Convert -52241012